mainder when 1454 is divided by 158.
32
Calculate the remainder when 329412 is divided by 46.
6
Calculate the remainder when 44004 is divided by 202.
170
Calculate the remainder when 74910 is divided by 66.
0
What is the remainder when 8161 is divided by 1181?
1075
What is the remainder when 849572 is divided by 91?
87
What is the remainder when 32846 is divided by 1564?
2
What is the remainder when 644609 is divided by 19?
15
Calculate the remainder when 17493637 is divided by 932.
929
What is the remainder when 16893 is divided by 296?
21
Calculate the remainder when 45538 is divided by 3794.
10
Calculate the remainder when 1826 is divided by 120.
26
What is the remainder when 5406 is divided by 984?
486
What is the remainder when 1339 is divided by 347?
298
Calculate the remainder when 29877 is divided by 45.
42
What is the remainder when 3225 is divided by 3149?
76
What is the remainder when 3318 is divided by 974?
396
What is the remainder when 1252 is divided by 2?
0
Calculate the remainder when 71409 is divided by 86.
29
Calculate the remainder when 6264 is divided by 6127.
137
Calculate the remainder when 1202 is divided by 156.
110
What is the remainder when 70920 is divided by 2?
0
What is the remainder when 4893 is divided by 4843?
50
What is the remainder when 55239 is divided by 27613?
13
Calculate the remainder when 2216 is divided by 2131.
85
Calculate the remainder when 22618 is divided by 20.
18
What is the remainder when 2824891 is divided by 947?
937
What is the remainder when 4546 is divided by 4535?
11
Calculate the remainder when 6796 is divided by 251.
19
What is the remainder when 5773 is divided by 2879?
15
What is the remainder when 14379 is divided by 1200?
1179
What is the remainder when 9312 is divided by 1446?
636
What is the remainder when 7849 is divided by 140?
9
What is the remainder when 144969 is divided by 346?
341
Calculate the remainder when 54500 is divided by 3404.
36
What is the remainder when 4379 is divided by 30?
29
Calculate the remainder when 9153 is divided by 18.
9
What is the remainder when 169051 is divided by 38?
27
Calculate the remainder when 8848 is divided by 2201.
44
What is the remainder when 3829 is divided by 549?
535
Calculate the remainder when 2937 is divided by 384.
249
Calculate the remainder when 2736 is divided by 24.
0
Calculate the remainder when 26417 is divided by 222.
221
What is the remainder when 213063 is divided by 199?
133
Calculate the remainder when 2313 is divided by 155.
143
Calculate the remainder when 52493 is divided by 537.
404
Calculate the remainder when 31476 is divided by 806.
42
Calculate the remainder when 88334 is divided by 1091.
1054
Calculate the remainder when 1329 is divided by 30.
9
What is the remainder when 196228 is divided by 15?
13
Calculate the remainder when 45627 is divided by 27.
24
What is the remainder when 3599 is divided by 878?
87
What is the remainder when 14783 is divided by 255?
248
What is the remainder when 2770 is divided by 1832?
938
What is the remainder when 34366 is divided by 32?
30
What is the remainder when 2021757 is divided by 156?
153
Calculate the remainder when 48960 is divided by 24478.
4
What is the remainder when 6267 is divided by 394?
357
Calculate the remainder when 10695 is divided by 958.
157
Calculate the remainder when 166874 is divided by 35.
29
What is the remainder when 16605 is divided by 65?
30
What is the remainder when 1799 is divided by 99?
17
What is the remainder when 2687 is divided by 48?
47
Calculate the remainder when 4595 is divided by 657.
653
Calculate the remainder when 5336 is divided by 137.
130
What is the remainder when 293546 is divided by 570?
566
What is the remainder when 891 is divided by 56?
51
Calculate the remainder when 119130 is divided by 731.
708
Calculate the remainder when 1414 is divided by 310.
174
Calculate the remainder when 6177 is divided by 124.
101
What is the remainder when 6530 is divided by 41?
11
Calculate the remainder when 14940 is divided by 1007.
842
Calculate the remainder when 918 is divided by 143.
60
What is the remainder when 19796 is divided by 75?
71
Calculate the remainder when 209417 is divided by 167.
166
What is the remainder when 1139 is divided by 50?
39
What is the remainder when 471054 is divided by 944?
942
What is the remainder when 2708097 is divided by 59?
56
Calculate the remainder when 125034 is divided by 172.
162
What is the remainder when 9284 is divided by 83?
71
Calculate the remainder when 14545 is divided by 19.
10
Calculate the remainder when 418688 is divided by 50.
38
What is the remainder when 1866 is divided by 145?
126
What is the remainder when 13966 is divided by 661?
85
Calculate the remainder when 13148397 is divided by 11.
9
Calculate the remainder when 1714 is divided by 237.
55
Calculate the remainder when 27870 is divided by 105.
45
Calculate the remainder when 2277 is divided by 204.
33
What is the remainder when 12616 is divided by 12259?
357
Calculate the remainder when 18899 is divided by 1884.
59
What is the remainder when 1870 is divided by 78?
76
What is the remainder when 1531 is divided by 206?
89
What is the remainder when 7967 is divided by 12?
11
What is the remainder when 6686 is divided by 19?
17
Calculate the remainder when 256380 is divided by 789.
744
What is the remainder when 5195 is divided by 279?
173
Calculate the remainder when 204233 is divided by 6382.
9
Calculate the remainder when 8239 is divided by 2121.
1876
What is the remainder when 248145 is divided by 2319?
12
Calculate the remainder when 14964 is divided by 2878.
574
Calculate the remainder when 5453 is divided by 1787.
92
Calculate the remainder when 143816 is divided by 16.
8
Calculate the remainder when 23194 is divided by 38.
14
What is the remainder when 57623 is divided by 147?
146
Calculate the remainder when 123303 is divided by 230.
23
Calculate the remainder when 3006 is divided by 2771.
235
Calculate the remainder when 47192 is divided by 200.
192
What is the remainder when 1781 is divided by 1770?
11
What is the remainder when 6204 is divided by 2057?
33
What is the remainder when 12856 is divided by 121?
30
Calculate the remainder when 76888 is divided by 197.
58
Calculate the remainder when 64378 is divided by 4291.
13
Calculate the remainder when 977439 is divided by 379.
377
Calculate the remainder when 41328 is divided by 1252.
12
What is the remainder when 2701 is divided by 671?
17
What is the remainder when 330921 is divided by 55153?
3
Calculate the remainder when 7882 is divided by 983.
18
What is the remainder when 6135 is divided by 19?
17
Calculate the remainder when 104863 is divided by 672.
31
Calculate the remainder when 16119 is divided by 24.
15
Calculate the remainder when 140872 is divided by 161.
158
Calculate the remainder when 6603 is divided by 1685.
1548
What is the remainder when 14995 is divided by 7132?
731
What is the remainder when 113537 is divided by 24?
17
Calculate the remainder when 328696 is divided by 742.
732
Calculate the remainder when 416324 is divided by 455.
454
What is the remainder when 15922 is divided by 35?
32
Calculate the remainder when 2478 is divided by 499.
482
What is the remainder when 4907 is divided by 408?
11
Calculate the remainder when 1857 is divided by 1135.
722
What is the remainder when 1088 is divided by 1077?
11
Calculate the remainder when 32926 is divided by 10882.
280
Calculate the remainder when 80131 is divided by 39998.
135
Calculate the remainder when 19481 is divided by 4865.
21
What is the remainder when 30034 is divided by 71?
1
What is the remainder when 157614 is divided by 338?
106
What is the remainder when 38657 is divided by 1170?
47
Calculate the remainder when 16526 is divided by 165.
26
Calculate the remainder when 5315 is divided by 708.
359
What is the remainder when 532504 is divided by 177501?
1
What is the remainder when 18682 is divided by 2329?
50
What is the remainder when 658491 is divided by 1954?
1947
What is the remainder when 5660949 is divided by 43?
42
What is the remainder when 2428 is divided by 1864?
564
What is the remainder when 24920 is divided by 733?
731
Calculate the remainder when 516227 is divided by 11.
